2
Let q(o) = -o**2 - 23*o + 21. Let x be q(-23). Let j(k) = 9*k - 13 + 3 + 3 - 2*k. Let s be j(x). What is the greatest common factor of 35 and s?
35
Suppose -70 = -5*c - 20. Let a be 102/136 - 137/(-4). What is the greatest common divisor of c and a?
5
Suppose -149 = -3*y - 3*b - 47, 4*y + 2*b - 128 = 0. Calculate the greatest common divisor of 78 and y.
6
Let f(b) = -b + 13. Let z be f(8). Suppose z*r + 4*j - 1353 = 0, -7*j + 555 = 2*r - 10*j. What is the greatest common divisor of r and 63?
21
Let v be (1 + 1443)*(134 - 129). Calculate the highest common factor of 20 and v.
20
Let h be 36/(-15)*35/14 - (-170 + 5). What is the greatest common factor of h and 12349?
53
Let p(v) = v**2 - 5*v + 4. Let m be p(5). Suppose 0 = m*t + 7 - 11. Let i be 21*t - 0/(0 + -4). Calculate the greatest common factor of 3 and i.
3
Suppose 5*x + 6394 = -0*c - 2*c, 0 = -x - 2. Let r be (-1)/5 - c/285. Calculate the highest common factor of 121 and r.
11
Suppose 5*c + 153 + 272 = o, -3*c = -6. Calculate the greatest common factor of o and 9.
3
Let o(d) = 110*d**3 + d. Let i be o(1). Let x be 10 - (412/(-3) + 54/(-81)). What is the greatest common factor of x and i?
37
Suppose -140911 = -30*c - 13*c. What is the highest common factor of 29 and c?
29
Let i(q) = -2*q**2 + 3*q**2 - 3*q - 4*q**2 - 179*q**3 + 5*q**2 + 2. Let l be i(1). Let s be l/(-4) - (-4)/8. Calculate the highest common divisor of s and 18.
9
Suppose -17*f = -144 - 3766. What is the highest common divisor of 130 and f?
10
Let o(g) = -g**3 - 7*g**2 - 7*g - 4. Let r be o(-6). Suppose -4*n + r = -26. Let p be n*((-20)/28 - -1) - -138. Calculate the highest common factor of p and 35.
35
Suppose 30*m - 231 = 19*m. Suppose -m*g = -143 - 235. Calculate the highest common divisor of 576 and g.
18
Suppose -19*v = -20*v + 38*v - 4477. Calculate the greatest common factor of v and 869.
11
Suppose 15 = -10*k + 5*k. Let q = k - -5. Let v be ((-115)/(-10))/(q/12). Calculate the greatest common divisor of v and 23.
23
Let u = -1048 - -1238. Let p = 77 - 1. What is the greatest common divisor of p and u?
38
Suppose -566*b + 20991 = -103228 - 15583. What is the highest common divisor of b and 11362?
247
Suppose 0 = -13*j + 234 + 156. Let w(s) be the third derivative of -s**4/24 + 11*s**3/6 - 2*s**2. Let q be w(5). What is the greatest common divisor of j and q?
6
Let q = 4143 + -2409. What is the greatest common factor of q and 306?
102
Suppose -2*y = -4*d - 2610, 3*y - 7*d - 3930 = -6*d. Let s = -13 + 82. What is the greatest common divisor of s and y?
69
Let m = 54 - -215. Suppose 6*g - 67 = m. Let o = 11 - 4. What is the greatest common factor of g and o?
7
Let l(x) = x**3 + 14*x**2 - 19*x - 24. Suppose 270 = -a + 10*a. Suppose 18*p - 16*p = -a. Let k be l(p). What is the highest common divisor of k and 24?
12
Let w(t) = 18*t - 116. Let c be w(8). Let b(o) = o**3 - 29*o**2 + 31*o - 19. Let r be b(c). Calculate the highest common factor of 13 and r.
13
Suppose 23563 = 18*v - 1097. Calculate the highest common divisor of v and 10.
10
Let i = 1373 - 165. Suppose 7*z = -i - 1788. Let f = 658 + z. What is the greatest common factor of 46 and f?
46
Suppose 0 = -5*u + 3*x + 1037, x - 387 + 386 = 0. Calculate the greatest common factor of 494 and u.
26
Suppose 3*l - 4*r - 19731 = 0, -12*r + 14*r = -6. What is the greatest common factor of l and 147?
21
Suppose -528 - 32 = -20*x. Calculate the highest common divisor of 224 and x.
28
Suppose -49*s + 3167 + 1390 = 0. Let z = 44 - -111. What is the highest common factor of s and z?
31
Suppose 2*s = -3*z + 8670, -3*s + 3*z + 22275 = 9240. What is the highest common divisor of 6 and s?
3
Suppose 0 = -3*a - 3*w + 106 + 56, 5*w + 146 = 3*a. Let q be 80/(-360) - 2463/(-27). Calculate the highest common factor of q and a.
13
Suppose 982 = 4*h + f, 744 = 231*h - 228*h - 3*f. What is the greatest common factor of h and 2296?
82
Suppose -4*z = -2*q + 68, -151 = -4*q - z + 4*z. What is the greatest common factor of 6570 and q?
10
Suppose -2*d = -3*n + 253, -24 = 2*n + 5*d - 180. Let h = n - 81. Suppose -v + 4*k - 6*k = -172, -k - h = 0. What is the greatest common divisor of v and 16?
16
Suppose -y = -68 + 22. Let w(o) = 35*o**2 + 885*o - 3594. Let l be w(4). What is the highest common factor of l and y?
46
Suppose -3*d + 277 = -185. Suppose 0*r = 19*r - 30*r + 1078. Calculate the highest common divisor of d and r.
14
Suppose 7*x - 9*x = 36*x - 39330. What is the highest common factor of 2691 and x?
207
Let o(g) be the third derivative of g**5/10 - g**4/2 - 25*g**3/3 + 71*g**2. Let f be o(-9). What is the highest common divisor of f and 17?
17
Suppose -s - 2 = 2*o, -5*s - 2*o + 6 = -0*o. Let c be (160/100)/(s/15). Suppose -2*t - 120 = -6*t. Calculate the greatest common factor of c and t.
6
Let t(m) = -m**2 - 235*m - 686. Let x be t(-3). What is the greatest common divisor of 1420 and x?
10
Suppose -236 = -4*x - u, -u - 685 = -12*x + 39. What is the greatest common divisor of 7860 and x?
60
Let b = 1576 - 1538. Let y = 535 + -231. Calculate the highest common factor of b and y.
38
Let x = 2 - -3. Suppose -5 = -3*c - 482. Let d = -124 - c. What is the highest common factor of x and d?
5
Let r be 3 + 2 - (14 - 29). Suppose 9*s = r*s - 363. Suppose 0 = -2*n + 1 + 21. What is the highest common divisor of s and n?
11
Let d be 3/(-1)*(-685)/15 - 5. Calculate the highest common factor of 204 and d.
12
Let k be 12/(-66) - 18928/(-44). Let b = -385 + k. What is the greatest common factor of 15 and b?
15
Suppose 21 = 3*m - 3*z, -2*z = -2*m + 3*z + 29. Suppose -3*y - m*l = -7*y + 68, -y + 5*l = -26. Calculate the highest common factor of 4 and y.
4
Let z(c) = 10*c - 135. Let v(m) = 6*m - 68. Let k(h) = -11*v(h) + 6*z(h). Let y be k(-12). Calculate the highest common factor of 140 and y.
10
Let j(d) = d**2 + 37*d - 16 + 36*d - 83*d. Let z be j(10). Let q be ((-2)/(16/(-414)))/((-2)/z). Calculate the highest common factor of 46 and q.
46
Let s = 816 + -780. Let v(f) = f**2 - 2*f + 3. Let x be v(-6). Suppose -5*w = -3*j + x, 3*j - 2*j = -5*w - 3. What is the highest common factor of s and j?
12
Let y(c) = -2*c - 12. Let s be y(-5). Let l be 4/12 - s/(-6). Suppose l = -3*d - d + 80. Calculate the greatest common factor of d and 220.
20
Suppose -44*r + 30*r = 0. Let d = 21 + r. What is the highest common divisor of d and 49?
7
Suppose -11*u + 64 + 89 + 12 = 0. Calculate the highest common divisor of 505 and u.
5
Let s be 130/6*4500/(-60). Let q be 1 + s/(-95) + 18/(-171). What is the highest common divisor of 27 and q?
9
Let i = -66 + 164. Let w be ((0 - -1) + -2 + -118)/(-92 + 93951/1022). What is the highest common divisor of i and w?
98
Let a(c) = -3*c**2 + 27*c**2 + 9*c**2 + 5*c**2 - 6*c. Let n be a(1). Calculate the highest common factor of n and 128.
32
Suppose 5*j - 324 + 44 = 0. Let i = 88 - j. Let k = i + -20. Calculate the highest common factor of k and 8.
4
Let i = 521 + -497. Let v be (-16 - 0)/(8/(-120)). What is the highest common factor of i and v?
24
Let a = 5863 - 5803. Calculate the greatest common divisor of 2300 and a.
20
Let p(i) = -i**3 - 4*i**2 + 322*i + 1970. Let z be p(-6). Calculate the greatest common divisor of z and 2.
2
Let s(h) = -98*h - 138 - 69 + 127*h. Let f be s(8). Let i(t) = -226*t**3 - 2*t**2 - 2*t - 1. Let x be i(-1). Calculate the greatest common divisor of x and f.
25
Let h be 5/(-1) + (-15)/((-45)/354). Suppose -5*o + 1114 = -581. Calculate the highest common divisor of h and o.
113
Let x = 5 - -1. Suppose -4*f + 14 = -2*l, 2*l + f - 5 = x. Let v be (12/8)/(l/10). Calculate the highest common divisor of 25 and v.
5
Let s(z) = 12*z**2 + 71*z - 60. Let c(t) = -2*t**2 - 14*t + 12. Let o(w) = 11*c(w) + 2*s(w). Let a be o(8). Calculate the highest common factor of a and 77.
11
Let r(d) = -4*d + 8. Let f be r(-8). Suppose 23*t = 5*t + 666. Let q = t + -33. Calculate the greatest common divisor of q and f.
4
Let m be (-74 - -83) + 2692 + 1. Calculate the highest common factor of m and 14.
14
Suppose -2*y = 7*y - 360. Suppose 114*z - 119*z = -y. Calculate the greatest common divisor of z and 72.
8
Let w = -390 + 571. Let i = 188 - w. Calculate the highest common factor of 133 and i.
7
Let a(r) = r**2 - 3*r + 13. Suppose 5*b + 15 = p, 4*p - 99 = -3*b + 30. Let w